e7c5e (base 15) to base 8.
13375251
Convert 3546541 (base 7) to base 4.
1231212112
What is -45b45d (base 14) in base 3?
-11110122002202
5574213 (base 8) to base 2
101101111100010001011
10001000101010001 (base 2) to base 5
4214334
Convert -163472 (base 8) to base 2.
-1110011100111010
What is -9a563 (base 11) in base 6?
-3042441
What is 603045 (base 8) in base 4?
300120211
-8ac73 (base 14) to base 10
-337221
What is 100011000011111101001010 (base 2) in base 12?
30b300a
Convert 3573052 (base 11) to base 5.
3043221400
What is -243028 (base 9) in base 13?
-51926
-5311155 (base 6) to base 5
-31230231
Convert 100102212221 (base 3) to base 2.
101101010111010100
-11000111011011101001001 (base 2) to base 11
-3763916
Convert -111101001001110101110 (base 2) to base 6.
-110541130
What is -3300002333 (base 4) in base 6?
-33023555
3b015b (base 15) to base 10
2835311
237d67 (base 16) to base 4
20313311213
Convert 3102633 (base 7) to base 15.
74cc3
Convert -14003231 (base 5) to base 8.
-423412
Convert -2303320233 (base 4) to base 3.
-1101102201110
672763 (base 12) to base 6
55113003
Convert 10012201002000 (base 3) to base 7.
20335431
What is -411352 (base 6) in base 11?
-22679
What is -b632 (base 15) in base 16?
-967a
What is -5425562 (base 9) in base 16?
-2c69a5
-55bb5 (base 13) to base 3
-21220201021
What is -321102123 (base 4) in base 2?
-111001010010011011
Convert 347575 (base 9) to base 5.
23141332
Convert -c13243 (base 14) to base 11.
-3740319
What is 145491 (base 11) in base 12?
ab346
What is 6c6a9 (base 15) in base 3?
122120021220
What is -123021103 (base 4) in base 9?
-178461
-24014203 (base 5) to base 6
-4414104
Convert -1076c6b (base 15) to base 5.
-11003034201
198537 (base 11) to base 15
60193
2420121 (base 7) to base 15
6112c
What is -4356ac (base 15) in base 7?
-36160035
Convert -111121000121222 (base 3) to base 15.
-97a72e
Convert -151029 (base 10) to base 9.
-250150
What is -1330202012 (base 4) in base 8?
-1744206
What is 145a8 (base 16) in base 11?
576aa
Convert 7390176 (base 10) to base 6.
422221440
41450243 (base 6) to base 12
4a0983
Convert -12322401120 (base 5) to base 11.
-8545792
Convert -33431132 (base 5) to base 10.
-295792
Convert 11010110000111010111100 (base 2) to base 7.
113431113
-617660 (base 8) to base 7
-1511565
Convert -555635 (base 8) to base 12.
-90479
10483089 (base 10) to base 14
156c521
29d95 (base 14) to base 7
612545
Convert 1438c1 (base 14) to base 2.
10101011010000010001
Convert 1cdfd6 (base 16) to base 7.
22040640
What is -1a77550 (base 11) in base 12?
-1206373
Convert 85386 (base 16) to base 11.
342a74
What is 16310103 (base 10) in base 2?
111110001101111101010111
Convert -212012122201 (base 3) to base 16.
-6f880
What is -567a472 (base 11) in base 8?
-45726767
What is -30022 (base 9) in base 12?
-b49b
Convert -10020122220 (base 3) to base 16.
-f9a2
117533 (base 9) to base 2
10001010111101100
3112100301 (base 4) to base 2
11010110010000110001
Convert 1000101001001100101011 (base 2) to base 15.
2eb59e
-642940 (base 10) to base 6
-21440324
4416aa5 (base 11) to base 10
7754400
-10c623 (base 14) to base 15
-b4709
Convert -10808 (base 10) to base 8.
-25070
Convert 124368 (base 10) to base 8.
362720
Convert 2330051 (base 6) to base 3.
20010101011
-2d3bcb (base 14) to base 7
-16322544
What is -100011022000 (base 3) in base 16?
-2c037
What is -215265 (base 13) in base 8?
-2770331
What is 214405 (base 8) in base 12?
35771
What is -10120110112202 (base 3) in base 4?
-13033203122
Convert -32141033 (base 6) to base 3.
-1210002002210
What is 1424423301 (base 5) in base 15?
4e0a51
386b6 (base 12) to base 9
126603
Convert -3100403 (base 5) to base 7.
-266034
2515613 (base 8) to base 3
1022022121101
110231343 (base 5) to base 16
747aa
14544535 (base 6) to base 14
d4695
What is 22335153 (base 6) in base 8?
2463115
What is -411a58 (base 15) in base 3?
-12211011221102
4023390 (base 11) to base 9
14351700
-212192 (base 16) to base 11
-1253353
Convert 23a5d5 (base 16) to base 8.
10722725
-1003542 (base 6) to base 13
-18818
What is 12056566 (base 9) in base 4?
112130121213
-9647a1 (base 12) to base 14
-45a5a9
Convert 392b182 (base 12) to base 14.
16d0b86
c5c4c (base 14) to base 16
747cc
132303131 (base 4) to base 6
2412045
What is 1050313 (base 6) in base 16?
d005
Convert 388bb4 (base 13) to base 16.
14c81d
-100100111110010100 (base 2) to base 6
-3125044
2323564 (base 7) to base 2
1000111010000000001
What is 10001110000100110101101 (base 2) in base 14?
8928a1
Convert 10202203211 (base 4) to base 6.
41301445
What is -776c9 (base 14) in base 3?
-112201002020
47738aa (base 11) to base 3
120122202111110
Convert -14213032 (base 5) to base 12.
-71704
44a96 (base 16) to base 7
2250636
1073949 (base 10) to base 5
233331244
Convert 2543053 (base 6) to base 12.
67a89
4102102200 (base 5) to base 4
133123023220
What is 1448758 (base 14) in base 7?
146535141
What is -1131013 (base 4) in base 10?
-5959
Convert 3a22 (base 16) to base 14.
55d0
-8815070 (base 10) to base 8
-41500736
5fd46 (base 16) to base 5
100030033
What is -2097a (base 13) in base 11?
-40154
Convert e2ec7 (base 15) to base 11.
451089
67464 (base 14) to base 12
101014
What is 208664 (base 9) in base 10?
124474
bd441 (base 14) to base 11
293a14
What is -28320 (base 9) in base 10?
-19215
Convert -4213310344 (base 5) to base 2.
-100001010011000100010001
840386 (base 11) to base 4
11020331211
What is 1550325 (base 12) in base 14?
80b79b
Convert -161005 (base 10) to base 8.
-472355
Convert -1c46d (base 16) to base 8.
-342155
Convert 24646521 (base 7) to base 8.
10404256
Convert 430140032 (base 5) to base 9.
3346526
Convert -68b95a (base 12) to base 3.
-10011022111121
-2457004 (base 9) to base 15
-1b622a
What is -847418 (base 9) in base 11?
-3147a5
ccba6a (base 14) to base 16
6a012e
-232131102 (base 4) to base 2
-101110011101010010
What is -2125110 (base 7) in base 15?
-519a3
What is 20102232 (base 6) in base 13?
16b7c7
Convert -1010111200211120 (base 3) to base 2.
-111101110110001101101000
Convert 240426 (base 8) to base 2.
10100000100010110
What is 80233 (base 15) in base 10?
405498
What is -1324087 (base 9) in base 7?
-6105562
Convert 131412 (base 5) to base 7.
21153
-3567404 (base 8) to base 15
-144eb2
Convert -44626 (base 15) to base 7.
-1563531
1101110100111000 (base 2) to base 9
85614
-98225 (base 10) to base 3
-11222201222
What is -5f4652 (base 16) in base 3?
-102202020001101
Convert 332151 (base 6) to base 9.
42014
Convert -12011120121220 (base 3) to base 15.
-394053
What is 111201202222120 (base 3) in base 13?
1686a62
-67451524 (base 8) to base 13
-3031bc2
Convert -3aa58aa (base 11) to base 4.
-123000112302
22211120201122 (base 3) to base 4
101322133103
-161b75 (base 15) to base 16
-10501d
Convert -878552 (base 13) to base 8.
-14124027
What is -5037756 (base 8) in base 5?
-314431321
What is 110110000100000100000 (base 2) in base 7?
21025606
What is -354354120 (base 6) in base 14?
-c53876
What is -600606 (base 11) in base 8?
-3540576
Convert -140122422 (base 6) to base 12.
-b36412
-10121112022 (base 3) to base 7
-414200
Convert -1491a3 (base 15) to base 13.
-289a70
What is 16e98 (base 16) in base 12?
46388
Convert -31223154 (base 7) to base 3.
-11221111200100
4ac3 (base 13) to base 10
10637
What is -33130300232 (base 4) in base 13?
-aba53b
Convert 10000000000100001001010 (base 2) to base 7.
50445323
30020101 (base 4) to base 12
24901
What is 1010100011001010010 (base 2) in base 3?
122120012001
Convert 55177446 (base 8) to base 16.
b4ff26
Convert 2337c (base 15) to base 6.
2223143
Convert 78c3a (base 13) to base 6.
4412324
Convert -101010011110000110000110 (base 2) to base 12.
-388aa86
-4235555 (base 6) to base 11
-131879
Convert 514055 (base 7) to base 4.
111130220
104cb6 (base 13) to base 6
12105414
What is -145531 (base 10) in base 5?
-14124111
What is -114411504 (base 6) in base 3?
-11002200222211
What is -1627865 (base 10) in base 9?
-3051008
386904 (base 13) to base 10
1357074
4c7ca (base 16) to base 11
1a441a
Convert 73809 (base 11) to base 15.
21c8c
46654203 (base 7) to base 9
7660780
264dca (base 14) to base 11
821690
What is -3322245 (base 6) in base 12?
-80385
Convert -15133441 (base 6) to base 11.
-329a67
Convert -e711 (base 15) to base 8.
-137311
Convert -1449a80 (ba